{"id":2,"date":"2022-09-22T20:07:39","date_gmt":"2022-09-22T18:07:39","guid":{"rendered":"https:\/\/arguenon-info.org\/?page_id=2"},"modified":"2025-09-09T18:08:20","modified_gmt":"2025-09-09T16:08:20","slug":"arguenon-informatique-photo","status":"publish","type":"page","link":"https:\/\/arguenon-info.org\/index.php\/arguenon-informatique-photo\/","title":{"rendered":"Atelier Photo"},"content":{"rendered":"\n<h4 class=\"wp-block-heading\">Les cours s&rsquo;adressent aux passionn\u00e9(e)s d&rsquo;images. On y apprend \u00e0 utiliser tout le potentiel de son appareil photo num\u00e9rique et l&rsquo;utilisation de logiciels de perfectionnement de photos.<\/h4>\n\n\n\n<h4 class=\"wp-block-heading\">On y apprend \u00e9galement \u00e0 cr\u00e9er des cartes postales artistiques ou anim\u00e9es, des calendriers, des albums photos, des courts m\u00e9trages photos avec effets sonores.<\/h4>\n\n\n\n<h5 class=\"wp-block-heading\">Notre Club Photo \u00ab\u00a0Fotomatic\u00a0\u00bb est affili\u00e9 \u00e0 la <mark style=\"background-color:rgba(0, 0, 0, 0)\" class=\"has-inline-color has-luminous-vivid-amber-color\"><a href=\"https:\/\/federation-photo.fr\" target=\"_blank\" rel=\"noreferrer noopener\"><em>F\u00e9d\u00e9ration Fran\u00e7aise de Photographie<\/em><\/a><\/mark>.<\/h5>\n\n\n\n<div class=\"wp-block-group alignwide has-vivid-cyan-blue-color has-text-color has-background is-content-justification-center is-nowrap is-layout-flex wp-container-core-group-is-layout-94bc23d7 wp-block-group-is-layout-flex\" style=\"background-color:#ffffff\">\n<div style=\"height:64px;width:0px\" aria-hidden=\"true\" class=\"wp-block-spacer wp-container-content-d25f37ba\"><\/div>\n\n\n\n<h2 class=\"wp-block-heading has-text-align-center has-vivid-cyan-blue-color has-text-color has-small-font-size\" style=\"text-transform:uppercase\"><strong>Visitez notre page Facebook pour d\u00e9couvrir nos travaux en cours<\/strong><\/h2>\n\n\n\n<div class=\"wp-block-buttons is-horizontal is-content-justification-center is-layout-flex wp-container-core-buttons-is-layout-499968f5 wp-block-buttons-is-layout-flex\">\n<div class=\"wp-block-button is-style-outline is-style-outline--1\"><a class=\"wp-block-button__link has-white-color has-vivid-cyan-blue-background-color has-text-color has-background wp-element-button\" href=\"https:\/\/www.facebook.com\/profile.php?id=100089352846390\" style=\"border-radius:13px\" target=\"_blank\" rel=\"noreferrer noopener\">ICI<\/a><\/div>\n<\/div>\n\n\n\n<div style=\"height:64px;width:0px\" aria-hidden=\"true\" class=\"wp-block-spacer wp-container-content-d25f37ba\"><\/div>\n<\/div>\n\n\n\n<div class=\"wp-block-columns alignfull has-background-background-color has-background is-layout-flex wp-container-core-columns-is-layout-9d6595d7 wp-block-columns-is-layout-flex\">\n<div class=\"wp-block-column is-layout-flow wp-block-column-is-layout-flow\" style=\"flex-basis:50%\">\n<div class=\"wp-block-cover is-light\" style=\"min-height:600px;aspect-ratio:unset;\"><span aria-hidden=\"true\" class=\"wp-block-cover__background has-background-dim-100 has-background-dim\" style=\"background-color:#f6f6f6\"><\/span><div class=\"wp-block-cover__inner-container is-layout-flow wp-block-cover-is-layout-flow\"><div class=\"wp-block-image\">\n<figure class=\"aligncenter size-full\"><img loading=\"lazy\" decoding=\"async\" width=\"263\" height=\"300\" src=\"https:\/\/arguenon-info.org\/wp-content\/uploads\/2022\/09\/diaporama300.jpg\" alt=\"\" class=\"wp-image-53\"\/><\/figure>\n<\/div><\/div><\/div>\n<\/div>\n\n\n\n<div class=\"wp-block-column is-vertically-aligned-center is-layout-flow wp-block-column-is-layout-flow\" style=\"padding-top:1em;padding-right:1em;padding-bottom:1em;padding-left:1em\">\n<h2 class=\"wp-block-heading\" style=\"font-style:normal;font-weight:800\">Le Mercredi de 10h \u00e0 12h \u00e0 <mark style=\"background-color:rgba(0, 0, 0, 0);color:#976f6f\" class=\"has-inline-color\">Cr\u00e9hen<\/mark><\/h2>\n\n\n\n<div class=\"wp-block-columns is-layout-flex wp-container-core-columns-is-layout-9d6595d7 wp-block-columns-is-layout-flex\">\n<div class=\"wp-block-column is-layout-flow wp-block-column-is-layout-flow\" style=\"flex-basis:320px\">\n<p class=\"has-medium-font-size\" style=\"line-height:1.6\"><strong>Au programme :<\/strong><\/p>\n\n\n\n<p class=\"has-small-font-size\" style=\"line-height:1.6\"><\/p>\n<\/div>\n<\/div>\n\n\n\n<ul class=\"wp-block-list\">\n<li>Cr\u00e9ation de diaporama complexe<\/li>\n\n\n\n<li>Gestion des effets,<\/li>\n\n\n\n<li>Son<\/li>\n\n\n\n<li>Effets 3D avec <strong>Proshow Producer<\/strong> et <strong>Bluff Titler<\/strong><\/li>\n<\/ul>\n\n\n\n<div class=\"wp-block-buttons is-content-justification-center is-layout-flex wp-container-core-buttons-is-layout-16018d1d wp-block-buttons-is-layout-flex\">\n<div class=\"wp-block-button is-style-outline is-style-outline--2\"><a class=\"wp-block-button__link has-black-color has-text-color has-background has-custom-font-size wp-element-button\" style=\"border-radius:0px;background-color:#efce7a;font-size:14px\">Niveau d\u00e9butant avec notions informatiques<\/a><\/div>\n<\/div>\n\n\n\n<p><br><em>Animateurs : M.TRINTIGNAC &#8211; JC LENNUYEUX<\/em><\/p>\n<\/div>\n<\/div>\n\n\n\n<div class=\"wp-block-columns alignfull has-subtle-background-background-color has-background is-layout-flex wp-container-core-columns-is-layout-9d6595d7 wp-block-columns-is-layout-flex\">\n<div class=\"wp-block-column is-layout-flow wp-block-column-is-layout-flow\" style=\"flex-basis:50%\">\n<div class=\"wp-block-cover is-light\" style=\"min-height:600px;aspect-ratio:unset;\"><span aria-hidden=\"true\" class=\"wp-block-cover__background has-background-dim-100 has-background-dim\" style=\"background-color:#f6f6f6\"><\/span><div class=\"wp-block-cover__inner-container is-layout-flow wp-block-cover-is-layout-flow\"><div class=\"wp-block-image\">\n<figure class=\"aligncenter size-full\"><img loading=\"lazy\" decoding=\"async\" width=\"263\" height=\"300\" src=\"https:\/\/arguenon-info.org\/wp-content\/uploads\/2022\/09\/diaporama300.jpg\" alt=\"\" class=\"wp-image-53\"\/><\/figure>\n<\/div><\/div><\/div>\n<\/div>\n\n\n\n<div class=\"wp-block-column is-vertically-aligned-center is-layout-flow wp-block-column-is-layout-flow\" style=\"padding-top:1em;padding-right:1em;padding-bottom:1em;padding-left:1em\">\n<h2 class=\"wp-block-heading\" style=\"font-style:normal;font-weight:800\">Le Mercredi de 14h30 \u00e0 16h30 \u00e0 <mark style=\"background-color:rgba(0, 0, 0, 0);color:#6b7344\" class=\"has-inline-color\">Corseul<\/mark><\/h2>\n\n\n\n<div class=\"wp-block-columns is-layout-flex wp-container-core-columns-is-layout-9d6595d7 wp-block-columns-is-layout-flex\">\n<div class=\"wp-block-column is-layout-flow wp-block-column-is-layout-flow\" style=\"flex-basis:320px\">\n<p class=\"has-medium-font-size\" style=\"line-height:1.6\"><strong>Au programme :<\/strong><\/p>\n\n\n\n<p class=\"has-small-font-size\" style=\"line-height:1.6\"><\/p>\n<\/div>\n<\/div>\n\n\n\n<ul class=\"wp-block-list\">\n<li>Cr\u00e9ation de diaporama \u00e9labor\u00e9<\/li>\n\n\n\n<li>Gestion des effets<\/li>\n\n\n\n<li>Gestion du son avec <strong>Proshow Gold<\/strong><\/li>\n<\/ul>\n\n\n\n<div class=\"wp-block-buttons is-content-justification-center is-layout-flex wp-container-core-buttons-is-layout-16018d1d wp-block-buttons-is-layout-flex\">\n<div class=\"wp-block-button is-style-outline is-style-outline--3\"><a class=\"wp-block-button__link has-black-color has-text-color has-background has-custom-font-size wp-element-button\" style=\"border-radius:0px;background-color:#efce7a;font-size:14px\">Niveau debutant avec notions informatiques<\/a><\/div>\n<\/div>\n\n\n\n<p><br><em>Animateurs : N.CHARLES<\/em><\/p>\n<\/div>\n<\/div>\n\n\n\n<div class=\"wp-block-columns alignfull has-background-background-color has-background is-layout-flex wp-container-core-columns-is-layout-9d6595d7 wp-block-columns-is-layout-flex\">\n<div class=\"wp-block-column is-layout-flow wp-block-column-is-layout-flow\" style=\"flex-basis:50%\">\n<div class=\"wp-block-cover is-light\" style=\"min-height:600px;aspect-ratio:unset;\"><span aria-hidden=\"true\" class=\"wp-block-cover__background has-background-dim-100 has-background-dim\" style=\"background-color:#f6f6f6\"><\/span><div class=\"wp-block-cover__inner-container is-layout-flow wp-block-cover-is-layout-flow\"><div class=\"wp-block-image\">\n<figure class=\"aligncenter size-full\"><img loading=\"lazy\" decoding=\"async\" width=\"263\" height=\"300\" src=\"https:\/\/arguenon-info.org\/wp-content\/uploads\/2022\/09\/objectif300.jpg\" alt=\"\" class=\"wp-image-52\"\/><\/figure>\n<\/div><\/div><\/div>\n<\/div>\n\n\n\n<div class=\"wp-block-column is-vertically-aligned-center is-layout-flow wp-block-column-is-layout-flow\" style=\"padding-top:1em;padding-right:1em;padding-bottom:1em;padding-left:1em\">\n<h2 class=\"wp-block-heading\" style=\"font-style:normal;font-weight:800\">Le Jeudi de 9h30 \u00e0 11h30 \u00e0 <mark style=\"background-color:rgba(0, 0, 0, 0)\" class=\"has-inline-color has-primary-color\"><mark style=\"background-color:rgba(0, 0, 0, 0);color:#6b7344\" class=\"has-inline-color\">Corseul<\/mark><\/mark><\/h2>\n\n\n\n<div class=\"wp-block-columns is-layout-flex wp-container-core-columns-is-layout-9d6595d7 wp-block-columns-is-layout-flex\">\n<div class=\"wp-block-column is-layout-flow wp-block-column-is-layout-flow\" style=\"flex-basis:320px\">\n<p class=\"has-medium-font-size\" style=\"line-height:1.6\"><strong>Au programme :<\/strong><\/p>\n\n\n\n<p class=\"has-small-font-size\" style=\"line-height:1.6\"><\/p>\n<\/div>\n<\/div>\n\n\n\n<ul class=\"wp-block-list\">\n<li>Utilisation et R\u00e9glages de son appareil num\u00e9rique<\/li>\n\n\n\n<li>R\u00e8gles de la photographie<\/li>\n\n\n\n<li>Post-Production (logiciels de retouches)<\/li>\n\n\n\n<li>Impression<\/li>\n\n\n\n<li>Expo photo en Ao\u00fbt<\/li>\n<\/ul>\n\n\n\n<div class=\"wp-block-buttons is-content-justification-center is-layout-flex wp-container-core-buttons-is-layout-16018d1d wp-block-buttons-is-layout-flex\">\n<div class=\"wp-block-button is-style-outline is-style-outline--4\"><a class=\"wp-block-button__link has-black-color has-text-color has-background has-custom-font-size wp-element-button\" style=\"border-radius:0px;background-color:#efce7a;font-size:14px\">Niveau debutant avec notions informatiques<\/a><\/div>\n<\/div>\n\n\n\n<p><br><em>Animateurs : J.GAUTIER &#8211; JP.GICQUEL<\/em><\/p>\n<\/div>\n<\/div>\n\n\n\n<div class=\"wp-block-columns alignfull has-subtle-background-background-color has-background is-layout-flex wp-container-core-columns-is-layout-9d6595d7 wp-block-columns-is-layout-flex\">\n<div class=\"wp-block-column is-layout-flow wp-block-column-is-layout-flow\" style=\"flex-basis:50%\">\n<div class=\"wp-block-cover is-light\" style=\"min-height:600px;aspect-ratio:unset;\"><span aria-hidden=\"true\" class=\"wp-block-cover__background has-background-dim-100 has-background-dim\" style=\"background-color:#f6f6f6\"><\/span><div class=\"wp-block-cover__inner-container is-layout-flow wp-block-cover-is-layout-flow\"><div class=\"wp-block-image\">\n<figure class=\"aligncenter size-full\"><img loading=\"lazy\" decoding=\"async\" width=\"263\" height=\"300\" src=\"https:\/\/arguenon-info.org\/wp-content\/uploads\/2022\/09\/bricole.jpg\" alt=\"\" class=\"wp-image-54\"\/><\/figure>\n<\/div><\/div><\/div>\n<\/div>\n\n\n\n<div class=\"wp-block-column is-vertically-aligned-center is-layout-flow wp-block-column-is-layout-flow\" style=\"padding-top:1em;padding-right:1em;padding-bottom:1em;padding-left:1em\">\n<h2 class=\"wp-block-heading\" style=\"font-style:normal;font-weight:800\">Le Samedi de 10h \u00e0 12h30 \u00e0 <mark style=\"background-color:rgba(0, 0, 0, 0);color:#6b7344\" class=\"has-inline-color\">Corseul<\/mark><\/h2>\n\n\n\n<div class=\"wp-block-columns is-layout-flex wp-container-core-columns-is-layout-9d6595d7 wp-block-columns-is-layout-flex\">\n<div class=\"wp-block-column is-layout-flow wp-block-column-is-layout-flow\" style=\"flex-basis:320px\">\n<p class=\"has-text-color has-medium-font-size\" style=\"color:#e8546d;line-height:1.6\"><strong>SUR DEMANDE<\/strong><\/p>\n\n\n\n<p class=\"has-small-font-size\" style=\"line-height:1.6\"><\/p>\n<\/div>\n<\/div>\n\n\n\n<ul class=\"wp-block-list\">\n<li>Bidouille et bricolage, sur demande<\/li>\n<\/ul>\n\n\n\n<div class=\"wp-block-buttons is-content-justification-center is-layout-flex wp-container-core-buttons-is-layout-16018d1d wp-block-buttons-is-layout-flex\">\n<div class=\"wp-block-button is-style-outline is-style-outline--5\"><a class=\"wp-block-button__link has-white-color has-text-color has-background has-custom-font-size wp-element-button\" style=\"border-radius:0px;background-color:#976f6f;font-size:14px\">TOUS NIVEAUX<\/a><\/div>\n<\/div>\n\n\n\n<p><br><em>Animateur : J.GAUTIER<\/em><\/p>\n<\/div>\n<\/div>\n","protected":false},"excerpt":{"rendered":"<p>Les cours s&rsquo;adressent aux passionn\u00e9(e)s d&rsquo;images. On y apprend \u00e0 utiliser tout le potentiel de son appareil photo num\u00e9rique et l&rsquo;utilisation de logiciels de perfectionnement de photos. On y apprend &#8230;<\/p>\n","protected":false},"author":1,"featured_media":0,"parent":0,"menu_order":0,"comment_status":"closed","ping_status":"open","template":"","meta":{"footnotes":""},"class_list":["post-2","page","type-page","status-publish","hentry"],"yoast_head":"<!-- This site is optimized with the Yoast SEO plugin v27.2 - https:\/\/yoast.com\/product\/yoast-seo-wordpress\/ -->\n<title>Atelier Photo - Arguenon Informatique<\/title>\n<meta name=\"description\" content=\"Les cours s&#039;adressent aux passionn\u00e9(e)s d&#039;images. On y apprend \u00e0 utiliser tout le potentiel de son appareil photo num\u00e9rique et l&#039;utilisation de logiciels de perfectionnement de photos.\" \/>\n<meta name=\"robots\" content=\"index, follow, max-snippet:-1, max-image-preview:large, max-video-preview:-1\" \/>\n<link rel=\"canonical\" href=\"https:\/\/arguenon-info.org\/index.php\/arguenon-informatique-photo\/\" \/>\n<meta property=\"og:locale\" content=\"fr_FR\" \/>\n<meta property=\"og:type\" content=\"article\" \/>\n<meta property=\"og:title\" content=\"Atelier Photo - Arguenon Informatique\" \/>\n<meta property=\"og:description\" content=\"Les cours s&#039;adressent aux passionn\u00e9(e)s d&#039;images. On y apprend \u00e0 utiliser tout le potentiel de son appareil photo num\u00e9rique et l&#039;utilisation de logiciels de perfectionnement de photos.\" \/>\n<meta property=\"og:url\" content=\"https:\/\/arguenon-info.org\/index.php\/arguenon-informatique-photo\/\" \/>\n<meta property=\"og:site_name\" content=\"Arguenon Informatique\" \/>\n<meta property=\"article:publisher\" content=\"https:\/\/www.facebook.com\/profile.php?id=100089352846390\" \/>\n<meta property=\"article:modified_time\" content=\"2025-09-09T16:08:20+00:00\" \/>\n<meta property=\"og:image\" content=\"https:\/\/arguenon-info.org\/wp-content\/uploads\/2022\/09\/diaporama300.jpg\" \/>\n\t<meta property=\"og:image:width\" content=\"263\" \/>\n\t<meta property=\"og:image:height\" content=\"300\" \/>\n\t<meta property=\"og:image:type\" content=\"image\/jpeg\" \/>\n<meta name=\"twitter:card\" content=\"summary_large_image\" \/>\n<meta name=\"twitter:label1\" content=\"Dur\u00e9e de lecture estim\u00e9e\" \/>\n\t<meta name=\"twitter:data1\" content=\"2 minutes\" \/>\n<script type=\"application\/ld+json\" class=\"yoast-schema-graph\">{\"@context\":\"https:\/\/schema.org\",\"@graph\":[{\"@type\":\"WebPage\",\"@id\":\"https:\/\/arguenon-info.org\/index.php\/arguenon-informatique-photo\/\",\"url\":\"https:\/\/arguenon-info.org\/index.php\/arguenon-informatique-photo\/\",\"name\":\"Atelier Photo - Arguenon Informatique\",\"isPartOf\":{\"@id\":\"https:\/\/arguenon-info.org\/#website\"},\"primaryImageOfPage\":{\"@id\":\"https:\/\/arguenon-info.org\/index.php\/arguenon-informatique-photo\/#primaryimage\"},\"image\":{\"@id\":\"https:\/\/arguenon-info.org\/index.php\/arguenon-informatique-photo\/#primaryimage\"},\"thumbnailUrl\":\"https:\/\/arguenon-info.org\/wp-content\/uploads\/2022\/09\/diaporama300.jpg\",\"datePublished\":\"2022-09-22T18:07:39+00:00\",\"dateModified\":\"2025-09-09T16:08:20+00:00\",\"description\":\"Les cours s'adressent aux passionn\u00e9(e)s d'images. On y apprend \u00e0 utiliser tout le potentiel de son appareil photo num\u00e9rique et l'utilisation de logiciels de perfectionnement de photos.\",\"breadcrumb\":{\"@id\":\"https:\/\/arguenon-info.org\/index.php\/arguenon-informatique-photo\/#breadcrumb\"},\"inLanguage\":\"fr-FR\",\"potentialAction\":[{\"@type\":\"ReadAction\",\"target\":[\"https:\/\/arguenon-info.org\/index.php\/arguenon-informatique-photo\/\"]}]},{\"@type\":\"ImageObject\",\"inLanguage\":\"fr-FR\",\"@id\":\"https:\/\/arguenon-info.org\/index.php\/arguenon-informatique-photo\/#primaryimage\",\"url\":\"https:\/\/arguenon-info.org\/wp-content\/uploads\/2022\/09\/diaporama300.jpg\",\"contentUrl\":\"https:\/\/arguenon-info.org\/wp-content\/uploads\/2022\/09\/diaporama300.jpg\"},{\"@type\":\"BreadcrumbList\",\"@id\":\"https:\/\/arguenon-info.org\/index.php\/arguenon-informatique-photo\/#breadcrumb\",\"itemListElement\":[{\"@type\":\"ListItem\",\"position\":1,\"name\":\"Accueil\",\"item\":\"https:\/\/arguenon-info.org\/\"},{\"@type\":\"ListItem\",\"position\":2,\"name\":\"Atelier Photo\"}]},{\"@type\":\"WebSite\",\"@id\":\"https:\/\/arguenon-info.org\/#website\",\"url\":\"https:\/\/arguenon-info.org\/\",\"name\":\"Arguenon Informatique\",\"description\":\"Corseul &amp; Crehen (22)\",\"publisher\":{\"@id\":\"https:\/\/arguenon-info.org\/#organization\"},\"potentialAction\":[{\"@type\":\"SearchAction\",\"target\":{\"@type\":\"EntryPoint\",\"urlTemplate\":\"https:\/\/arguenon-info.org\/?s={search_term_string}\"},\"query-input\":{\"@type\":\"PropertyValueSpecification\",\"valueRequired\":true,\"valueName\":\"search_term_string\"}}],\"inLanguage\":\"fr-FR\"},{\"@type\":\"Organization\",\"@id\":\"https:\/\/arguenon-info.org\/#organization\",\"name\":\"Arguenon Informatiqu\",\"url\":\"https:\/\/arguenon-info.org\/\",\"logo\":{\"@type\":\"ImageObject\",\"inLanguage\":\"fr-FR\",\"@id\":\"https:\/\/arguenon-info.org\/#\/schema\/logo\/image\/\",\"url\":\"https:\/\/arguenon-info.org\/wp-content\/uploads\/2024\/11\/cropped-newlogoAI150.jpg\",\"contentUrl\":\"https:\/\/arguenon-info.org\/wp-content\/uploads\/2024\/11\/cropped-newlogoAI150.jpg\",\"width\":374,\"height\":150,\"caption\":\"Arguenon Informatiqu\"},\"image\":{\"@id\":\"https:\/\/arguenon-info.org\/#\/schema\/logo\/image\/\"},\"sameAs\":[\"https:\/\/www.facebook.com\/profile.php?id=100089352846390\"]}]}<\/script>\n<!-- \/ Yoast SEO plugin. -->","yoast_head_json":{"title":"Atelier Photo - Arguenon Informatique","description":"Les cours s'adressent aux passionn\u00e9(e)s d'images. On y apprend \u00e0 utiliser tout le potentiel de son appareil photo num\u00e9rique et l'utilisation de logiciels de perfectionnement de photos.","robots":{"index":"index","follow":"follow","max-snippet":"max-snippet:-1","max-image-preview":"max-image-preview:large","max-video-preview":"max-video-preview:-1"},"canonical":"https:\/\/arguenon-info.org\/index.php\/arguenon-informatique-photo\/","og_locale":"fr_FR","og_type":"article","og_title":"Atelier Photo - Arguenon Informatique","og_description":"Les cours s'adressent aux passionn\u00e9(e)s d'images. On y apprend \u00e0 utiliser tout le potentiel de son appareil photo num\u00e9rique et l'utilisation de logiciels de perfectionnement de photos.","og_url":"https:\/\/arguenon-info.org\/index.php\/arguenon-informatique-photo\/","og_site_name":"Arguenon Informatique","article_publisher":"https:\/\/www.facebook.com\/profile.php?id=100089352846390","article_modified_time":"2025-09-09T16:08:20+00:00","og_image":[{"width":263,"height":300,"url":"https:\/\/arguenon-info.org\/wp-content\/uploads\/2022\/09\/diaporama300.jpg","type":"image\/jpeg"}],"twitter_card":"summary_large_image","twitter_misc":{"Dur\u00e9e de lecture estim\u00e9e":"2 minutes"},"schema":{"@context":"https:\/\/schema.org","@graph":[{"@type":"WebPage","@id":"https:\/\/arguenon-info.org\/index.php\/arguenon-informatique-photo\/","url":"https:\/\/arguenon-info.org\/index.php\/arguenon-informatique-photo\/","name":"Atelier Photo - Arguenon Informatique","isPartOf":{"@id":"https:\/\/arguenon-info.org\/#website"},"primaryImageOfPage":{"@id":"https:\/\/arguenon-info.org\/index.php\/arguenon-informatique-photo\/#primaryimage"},"image":{"@id":"https:\/\/arguenon-info.org\/index.php\/arguenon-informatique-photo\/#primaryimage"},"thumbnailUrl":"https:\/\/arguenon-info.org\/wp-content\/uploads\/2022\/09\/diaporama300.jpg","datePublished":"2022-09-22T18:07:39+00:00","dateModified":"2025-09-09T16:08:20+00:00","description":"Les cours s'adressent aux passionn\u00e9(e)s d'images. On y apprend \u00e0 utiliser tout le potentiel de son appareil photo num\u00e9rique et l'utilisation de logiciels de perfectionnement de photos.","breadcrumb":{"@id":"https:\/\/arguenon-info.org\/index.php\/arguenon-informatique-photo\/#breadcrumb"},"inLanguage":"fr-FR","potentialAction":[{"@type":"ReadAction","target":["https:\/\/arguenon-info.org\/index.php\/arguenon-informatique-photo\/"]}]},{"@type":"ImageObject","inLanguage":"fr-FR","@id":"https:\/\/arguenon-info.org\/index.php\/arguenon-informatique-photo\/#primaryimage","url":"https:\/\/arguenon-info.org\/wp-content\/uploads\/2022\/09\/diaporama300.jpg","contentUrl":"https:\/\/arguenon-info.org\/wp-content\/uploads\/2022\/09\/diaporama300.jpg"},{"@type":"BreadcrumbList","@id":"https:\/\/arguenon-info.org\/index.php\/arguenon-informatique-photo\/#breadcrumb","itemListElement":[{"@type":"ListItem","position":1,"name":"Accueil","item":"https:\/\/arguenon-info.org\/"},{"@type":"ListItem","position":2,"name":"Atelier Photo"}]},{"@type":"WebSite","@id":"https:\/\/arguenon-info.org\/#website","url":"https:\/\/arguenon-info.org\/","name":"Arguenon Informatique","description":"Corseul &amp; Crehen (22)","publisher":{"@id":"https:\/\/arguenon-info.org\/#organization"},"potentialAction":[{"@type":"SearchAction","target":{"@type":"EntryPoint","urlTemplate":"https:\/\/arguenon-info.org\/?s={search_term_string}"},"query-input":{"@type":"PropertyValueSpecification","valueRequired":true,"valueName":"search_term_string"}}],"inLanguage":"fr-FR"},{"@type":"Organization","@id":"https:\/\/arguenon-info.org\/#organization","name":"Arguenon Informatiqu","url":"https:\/\/arguenon-info.org\/","logo":{"@type":"ImageObject","inLanguage":"fr-FR","@id":"https:\/\/arguenon-info.org\/#\/schema\/logo\/image\/","url":"https:\/\/arguenon-info.org\/wp-content\/uploads\/2024\/11\/cropped-newlogoAI150.jpg","contentUrl":"https:\/\/arguenon-info.org\/wp-content\/uploads\/2024\/11\/cropped-newlogoAI150.jpg","width":374,"height":150,"caption":"Arguenon Informatiqu"},"image":{"@id":"https:\/\/arguenon-info.org\/#\/schema\/logo\/image\/"},"sameAs":["https:\/\/www.facebook.com\/profile.php?id=100089352846390"]}]}},"_links":{"self":[{"href":"https:\/\/arguenon-info.org\/index.php\/wp-json\/wp\/v2\/pages\/2","targetHints":{"allow":["GET"]}}],"collection":[{"href":"https:\/\/arguenon-info.org\/index.php\/wp-json\/wp\/v2\/pages"}],"about":[{"href":"https:\/\/arguenon-info.org\/index.php\/wp-json\/wp\/v2\/types\/page"}],"author":[{"embeddable":true,"href":"https:\/\/arguenon-info.org\/index.php\/wp-json\/wp\/v2\/users\/1"}],"replies":[{"embeddable":true,"href":"https:\/\/arguenon-info.org\/index.php\/wp-json\/wp\/v2\/comments?post=2"}],"version-history":[{"count":17,"href":"https:\/\/arguenon-info.org\/index.php\/wp-json\/wp\/v2\/pages\/2\/revisions"}],"predecessor-version":[{"id":511,"href":"https:\/\/arguenon-info.org\/index.php\/wp-json\/wp\/v2\/pages\/2\/revisions\/511"}],"wp:attachment":[{"href":"https:\/\/arguenon-info.org\/index.php\/wp-json\/wp\/v2\/media?parent=2"}],"curies":[{"name":"wp","href":"https:\/\/api.w.org\/{rel}","templated":true}]}}